{"id":3951,"date":"2020-07-19T09:46:27","date_gmt":"2020-07-19T07:46:27","guid":{"rendered":"https:\/\/125-oberschule.de\/?page_id=3951"},"modified":"2025-10-18T09:04:37","modified_gmt":"2025-10-18T07:04:37","slug":"lernsax-de","status":"publish","type":"page","link":"https:\/\/125-oberschule.de\/?page_id=3951","title":{"rendered":"Lernsax.de"},"content":{"rendered":"\n<p><\/p>\n\n\n\n<p>Liebe Sch\u00fcler und Sch\u00fclerinnen, <\/p>\n\n\n\n<p>mit Beginn des Schuljahres, haben alle Sch\u00fcler eine Zugang bekommen. <\/p>\n\n\n\n<p>Solltet ihr ein neues Passwort ben\u00f6tigen, so wendet euch an Frau K\u00fchn\/Herrn Walther.<\/p>\n\n\n\n<p>Video f\u00fcr die Lernsaxnutzung:<\/p>\n\n\n\n<p><strong>Anmeldung: <\/strong><\/p>\n\n\n<figure class=\"wp-block-embed wp-block-embed-youtube is-type-video is-provider-youtube epyt-figure\"><div class=\"wp-block-embed__wrapper\"><div class=\"epyt-video-wrapper\"><iframe loading=\"lazy\"  style=\"display: block; margin: 0px auto;\"  id=\"_ytid_14781\"  width=\"525\" height=\"295\"  data-origwidth=\"525\" data-origheight=\"295\" src=\"https:\/\/www.youtube.com\/embed\/ejgqckpCWAI?enablejsapi=1&#038;rel=-1&#038;modestbranding=1&#038;autoplay=1&#038;cc_load_policy=0&#038;cc_lang_pref=&#038;iv_load_policy=1&#038;loop=1&#038;playlist=ejgqckpCWAI&#038;fs=1&#038;playsinline=1&#038;autohide=2&#038;theme=dark&#038;color=red&#038;controls=1&#038;\" class=\"__youtube_prefs__  no-lazyload\" title=\"YouTube player\"  allow=\"fullscreen; accelerometer; autoplay; clipboard-write; encrypted-media; gyroscope; picture-in-picture\" allowfullscreen data-no-lazy=\"1\" data-skipgform_ajax_framebjll=\"\"><\/iframe><\/div><\/div><\/figure>\n\n\n<p><\/p>\n\n\n\n<p><\/p>\n\n\n\n<p><\/p>\n","protected":false},"excerpt":{"rendered":"<p>Liebe Sch\u00fcler und Sch\u00fclerinnen, mit Beginn des Schuljahres, haben alle Sch\u00fcler eine Zugang bekommen. Solltet ihr ein neues Passwort ben\u00f6tigen, so wendet euch an Frau K\u00fchn\/Herrn Walther. Video f\u00fcr die Lernsaxnutzung: Anmeldung:<\/p>\n","protected":false},"author":1,"featured_media":0,"parent":0,"menu_order":0,"comment_status":"closed","ping_status":"closed","template":"","meta":{"_eb_attr":"","om_disable_all_campaigns":false,"footnotes":""},"class_list":["post-3951","page","type-page","status-publish","hentry"],"_links":{"self":[{"href":"https:\/\/125-oberschule.de\/index.php?rest_route=\/wp\/v2\/pages\/3951","targetHints":{"allow":["GET"]}}],"collection":[{"href":"https:\/\/125-oberschule.de\/index.php?rest_route=\/wp\/v2\/pages"}],"about":[{"href":"https:\/\/125-oberschule.de\/index.php?rest_route=\/wp\/v2\/types\/page"}],"author":[{"embeddable":true,"href":"https:\/\/125-oberschule.de\/index.php?rest_route=\/wp\/v2\/users\/1"}],"replies":[{"embeddable":true,"href":"https:\/\/125-oberschule.de\/index.php?rest_route=%2Fwp%2Fv2%2Fcomments&post=3951"}],"version-history":[{"count":16,"href":"https:\/\/125-oberschule.de\/index.php?rest_route=\/wp\/v2\/pages\/3951\/revisions"}],"predecessor-version":[{"id":9496,"href":"https:\/\/125-oberschule.de\/index.php?rest_route=\/wp\/v2\/pages\/3951\/revisions\/9496"}],"wp:attachment":[{"href":"https:\/\/125-oberschule.de\/index.php?rest_route=%2Fwp%2Fv2%2Fmedia&parent=3951"}],"curies":[{"name":"wp","href":"https:\/\/api.w.org\/{rel}","templated":true}]}}