{"id":6001,"date":"2021-12-16T20:47:57","date_gmt":"2021-12-16T19:47:57","guid":{"rendered":"https:\/\/125-oberschule.de\/?page_id=6001"},"modified":"2025-11-17T18:31:48","modified_gmt":"2025-11-17T17:31:48","slug":"praxisberatung","status":"publish","type":"page","link":"https:\/\/125-oberschule.de\/?page_id=6001","title":{"rendered":"Praxisberatung"},"content":{"rendered":"\n<p>Unsere Sch\u00fcler und Sch\u00fclerinnen werden durch eine Praxisberaterin des Kooperationspartners ZAW vor Ort bei der Berufswahl unterst\u00fctzt. <\/p>\n\n\n<ul>\n<li>Betriebserkundungen<\/li>\n<li>Unterst\u00fctzung bei der Suche nach Betriebspraktikas<\/li>\n<li>Hilfe bei Bewerbungsunterlagen<\/li>\n<li>und vieles mehr<\/li>\n<\/ul>\n<p>Unsere Praxisberaterin Frau Richter freut sich \u00fcber deinen Besuch im Keller 014\/016 oder deine Mail unter: berufsberatung [at] 125os-le.lernsax.de<\/p>\n\n\n<p><\/p>\n\n\n\n<div class=\"wp-block-buttons is-content-justification-center is-layout-flex wp-container-core-buttons-is-layout-16018d1d wp-block-buttons-is-layout-flex\">\n<div class=\"wp-block-button\"><a class=\"wp-block-button__link wp-element-button\" href=\"https:\/\/padlet.com\/JuliRich\/praxisberatung-und-berufsorientierung-gxg4knw0rlsjhmnu\">Padlet der Berufsberatung*<\/a><\/div>\n<\/div>\n","protected":false},"excerpt":{"rendered":"<p>Unsere Sch\u00fcler und Sch\u00fclerinnen werden durch eine Praxisberaterin des Kooperationspartners ZAW vor Ort bei der Berufswahl unterst\u00fctzt. Betriebserkundungen Unterst\u00fctzung bei der Suche nach Betriebspraktikas Hilfe bei Bewerbungsunterlagen und vieles mehr Unsere Praxisberaterin Frau Richter freut sich \u00fcber deinen Besuch im Keller 014\/016 oder deine Mail unter: berufsberatung [at] 125os-le.lernsax.de<\/p>\n","protected":false},"author":1,"featured_media":0,"parent":0,"menu_order":0,"comment_status":"closed","ping_status":"closed","template":"","meta":{"_eb_attr":"","om_disable_all_campaigns":false,"footnotes":""},"class_list":["post-6001","page","type-page","status-publish","hentry"],"_links":{"self":[{"href":"https:\/\/125-oberschule.de\/index.php?rest_route=\/wp\/v2\/pages\/6001","targetHints":{"allow":["GET"]}}],"collection":[{"href":"https:\/\/125-oberschule.de\/index.php?rest_route=\/wp\/v2\/pages"}],"about":[{"href":"https:\/\/125-oberschule.de\/index.php?rest_route=\/wp\/v2\/types\/page"}],"author":[{"embeddable":true,"href":"https:\/\/125-oberschule.de\/index.php?rest_route=\/wp\/v2\/users\/1"}],"replies":[{"embeddable":true,"href":"https:\/\/125-oberschule.de\/index.php?rest_route=%2Fwp%2Fv2%2Fcomments&post=6001"}],"version-history":[{"count":13,"href":"https:\/\/125-oberschule.de\/index.php?rest_route=\/wp\/v2\/pages\/6001\/revisions"}],"predecessor-version":[{"id":9648,"href":"https:\/\/125-oberschule.de\/index.php?rest_route=\/wp\/v2\/pages\/6001\/revisions\/9648"}],"wp:attachment":[{"href":"https:\/\/125-oberschule.de\/index.php?rest_route=%2Fwp%2Fv2%2Fmedia&parent=6001"}],"curies":[{"name":"wp","href":"https:\/\/api.w.org\/{rel}","templated":true}]}}