{"id":8376,"date":"2024-08-12T05:29:38","date_gmt":"2024-08-12T03:29:38","guid":{"rendered":"https:\/\/125-oberschule.de\/?page_id=8376"},"modified":"2024-08-12T05:29:40","modified_gmt":"2024-08-12T03:29:40","slug":"essenversorgung-an-der-125-oberschule","status":"publish","type":"page","link":"https:\/\/125-oberschule.de\/?page_id=8376","title":{"rendered":"Essenversorgung an der 125. Oberschule"},"content":{"rendered":"\n<ol class=\"wp-block-list\">\n<li>Gro\u00df0e Pause: <\/li>\n<\/ol>\n\n\n\n<p>Sch\u00fclercafe: kleine Snacks, Getr\u00e4nke<\/p>\n\n\n\n<p>2. Gro\u00dfe Pause: <\/p>\n\n\n\n<p>Mittagessen \u00fcber einen gr\u00f6\u00dferen Essensanbieter: <\/p>\n\n\n\n<p>Unser Essensanbieter ist seit dem Schuljahr 2024\/25 <a href=\"https:\/\/rws-gruppe.de\/cateringservice\/unsere-menuemarken\/rws-school\/\" target=\"_blank\" rel=\"noreferrer noopener\">RWS- Catering<\/a>.<\/p>\n\n\n\n<p>Zur Website\/Onlinebestellung gehts hier lang.<\/p>\n\n\n\n<p><\/p>\n","protected":false},"excerpt":{"rendered":"<p>Sch\u00fclercafe: kleine Snacks, Getr\u00e4nke 2. Gro\u00dfe Pause: Mittagessen \u00fcber einen gr\u00f6\u00dferen Essensanbieter: Unser Essensanbieter ist seit dem Schuljahr 2024\/25 RWS- Catering. Zur Website\/Onlinebestellung gehts hier lang.<\/p>\n","protected":false},"author":1,"featured_media":0,"parent":0,"menu_order":0,"comment_status":"closed","ping_status":"closed","template":"","meta":{"_eb_attr":"","om_disable_all_campaigns":false,"footnotes":""},"class_list":["post-8376","page","type-page","status-publish","hentry"],"_links":{"self":[{"href":"https:\/\/125-oberschule.de\/index.php?rest_route=\/wp\/v2\/pages\/8376","targetHints":{"allow":["GET"]}}],"collection":[{"href":"https:\/\/125-oberschule.de\/index.php?rest_route=\/wp\/v2\/pages"}],"about":[{"href":"https:\/\/125-oberschule.de\/index.php?rest_route=\/wp\/v2\/types\/page"}],"author":[{"embeddable":true,"href":"https:\/\/125-oberschule.de\/index.php?rest_route=\/wp\/v2\/users\/1"}],"replies":[{"embeddable":true,"href":"https:\/\/125-oberschule.de\/index.php?rest_route=%2Fwp%2Fv2%2Fcomments&post=8376"}],"version-history":[{"count":1,"href":"https:\/\/125-oberschule.de\/index.php?rest_route=\/wp\/v2\/pages\/8376\/revisions"}],"predecessor-version":[{"id":8405,"href":"https:\/\/125-oberschule.de\/index.php?rest_route=\/wp\/v2\/pages\/8376\/revisions\/8405"}],"wp:attachment":[{"href":"https:\/\/125-oberschule.de\/index.php?rest_route=%2Fwp%2Fv2%2Fmedia&parent=8376"}],"curies":[{"name":"wp","href":"https:\/\/api.w.org\/{rel}","templated":true}]}}